 = -25*z + 1486. Let p be x(30). Calculate the greatest common divisor of 414 and p.
46
Let i(z) be the first derivative of 2*z**3/3 + 21*z**2/2 - 104*z - 196. Let c be i(-20). Calculate the highest common factor of c and 69.
69
Suppose -m + 2*m - 806 = 4*u, 0 = -2*m - 4*u + 1624. What is the greatest common divisor of m and 2520?
90
Let i(o) = -3*o**3 + 285*o**2 + 18*o - 236. Let a be i(95). Calculate the highest common divisor of a and 242.
22
Let u = 12 - 1. Suppose 36 = q + 5*j, 95*j = q + 91*j - 81. Suppose 0 = 8*i - 149 + q. Calculate the greatest common factor of i and u.
11
Suppose -441*r + 417*r = -5952. What is the greatest common divisor of r and 144?
8
Suppose 3*w = 2*v + 227, 2*w - 19*v + 17*v - 152 = 0. Let q(c) = -c + 45. Let n be q(0). What is the greatest common factor of w and n?
15
Suppose 86 = 2*s + 71*r - 73*r, 3*r = -3. Calculate the highest common divisor of 3318 and s.
42
Suppose -c - 7*c = 344. Let p = c + 98. Calculate the greatest common factor of 11 and p.
11
Let w be (11 - (-204)/(-18)) + (1 - 30549/(-9)). What is the highest common divisor of w and 20?
5
Suppose -2463*w - 24 = -2464*w. Let l(t) = 0 + 9*t**2 - 3 - 4 - 2*t**2. Let o be l(5). Calculate the highest common factor of w and o.
24
Let c be (-1513)/(-6) - (-110)/(-660). Calculate the greatest common factor of c and 1372.
28
Let z(p) = -p**2 - 18*p + 7. Let k be z(-18). Let h(j) = j**2 - 28*j + 157. Let m be h(k). Calculate the highest common factor of 370 and m.
10
Let g = -1181 - -1314. What is the greatest common factor of 247 and g?
19
Suppose -31*t + 7281 = 40*t - 11250. What is the highest common factor of 81 and t?
9
Suppose 63 = 7*b - 63. Suppose -5*w = -3*u - 6*w + 31, -3*u + 11 = 5*w. What is the greatest common factor of u and b?
6
Let r(t) = t**3 + 3*t**2 - 15*t - 15. Let w be ((-50)/(-15) - 4)*9. Let k be r(w). Let h = k - -73. Calculate the highest common factor of h and 60.
20
Let k be (-5 - 1) + 173*-1. Let i = k - -186. What is the highest common divisor of i and 49?
7
Let p = 40 + -36. Suppose d + 2*o = 4*d - 7, p*o + 9 = 5*d. Suppose -d*c + 8 = -112. Calculate the greatest common divisor of c and 16.
8
Let q = 33 - 51. Suppose 5*b = 5*i + 205, -i - 43 = -2*b - 0*b. Let f = q - i. What is the highest common factor of f and 7?
7
Suppose -10*o = -13163 + 3013. Calculate the highest common factor of 35 and o.
35
Let n(x) = 6*x**2 + 111*x - 18. Suppose -47 = 3*q - 5*y, -10*y + 5*y - 67 = 3*q. Let t be n(q). Calculate the greatest common factor of 3 and t.
3
Suppose -262*k + 252*k + 1348 + 1212 = 0. What is the highest common divisor of k and 2592?
32
Let p = 5 - -1. Suppose -4*v + 75*v = -1278. Let u = p - v. What is the highest common divisor of u and 72?
24
Suppose -4*y = -2*n - 2, -2*y + 3 = 3*n + 6. Let p be 1*(-1 - y)*-57. Let r = p + -33. Calculate the highest common divisor of 72 and r.
24
Suppose 2*h = -2*x + 2926, 6*x - 4409 = 3*x + 2*h. Let q = -950 + x. What is the greatest common factor of 47 and q?
47
Let o(i) = i**2 - 83*i - 2580. Let z be o(-25). What is the greatest common divisor of z and 276?
12
Suppose -2*h + 2261 - 613 = 3*u, 3*h = -2*u + 1092. Calculate the greatest common divisor of u and 69.
69
Suppose 9*g = 36*g - 17*g - 7050. What is the highest common divisor of g and 1175?
235
Let w = 22 + -14. Let i be (5/(20/w))/((-1)/(-90)). Let b = 257 - i. What is the highest common divisor of b and 7?
7
Let l = -93 - -116. Let y(m) = 18*m**3 + m**2 + m. Let h be y(-1). Let t = h + l. Calculate the highest common divisor of t and 25.
5
Suppose -3*j - 964 = -3196. What is the highest common divisor of 408 and j?
24
Suppose 4*g + 5*v = 46, -4*v - 4 = -g + 18. Suppose 112 = 5*a - 3*f + 18, 4*a - 5*f = 70. Calculate the highest common divisor of a and g.
2
Let h(a) be the third derivative of -a**4/8 - 5*a**3 + 102*a**2. Let p be h(-18). Calculate the highest common factor of p and 8.
8
Suppose 117*v - 2834 = 5554 + 27297. Let z = -14 + 75. Calculate the highest common factor of v and z.
61
Let z(v) = 17*v - 64. Let o = -90 - -95. Let m be z(o). Calculate the highest common divisor of 15 and m.
3
Let g be (1/3)/(4/444). Suppose 4*z = 5*b - z - 20, -4*z - 4 = 2*b. Let v be (115/(-10) + 6)/(b/(-148)). Calculate the highest common factor of g and v.
37
Let p(v) = 102*v - 1602. Let h be p(17). What is the greatest common divisor of 3498 and h?
66
Let r = -36 - -47. Suppose 215 - 578 = -r*i. What is the greatest common divisor of 4 and i?
1
Suppose -84 - 56 = -7*d. Suppose 19 = -d*s + 119. What is the highest common divisor of s and 45?
5
Let p be 30/((-92)/(-28) + -3). Let z = 292 + -285. Calculate the greatest common divisor of z and p.
7
Let r be (-2)/(-5) + (-219)/(-15). Let a(c) = -c + 2. Let i be a(7). Let h be ((-18)/i)/((-24)/(-400)). Calculate the greatest common factor of h and r.
15
Let r be 674/4 - 1/2. Suppose 0 = -o + y - 672, 3*o + 3*y = -1847 - 181. Let s = -650 - o. What is the greatest common factor of r and s?
24
Let o be ((-5 - -1) + 0)/((-20)/70). Let q = 8 - o. Let z(p) = p**3 + 5*p**2 - 11*p - 15. Let g be z(q). What is the greatest common factor of 165 and g?
15
Suppose 2*i - 28 = -0*i. Suppose 167*l = 161*l + 162. Let k(h) = 8*h - 188. Let m be k(l). What is the greatest common factor of m and i?
14
Suppose 0 = 3*q - j - 383, 5*q - 510 = q + 2*j. Let z(o) = 2*o**2 + 240*o - 1856. Let d be z(-128). Calculate the highest common divisor of q and d.
64
Suppose -28*w + a = -33*w + 117, -3*w + 2*a = -65. What is the greatest common divisor of w and 1127?
23
Let t(a) = a**3 + 26*a**2 + 107*a + 47. Let g be t(-21). Calculate the highest common factor of g and 219.
1
Suppose -366*y + 7605 = -361*y. Suppose -7*v + 10*v - y = -2*l, 2*v - 1524 = -2*l. What is the greatest common factor of 45 and l?
45
Let v be (-18)/207 + 49300/391. What is the highest common divisor of v and 291?
3
Let h = -273 + 557. Let f = h - 261. Calculate the greatest common factor of 184 and f.
23
Let o be -6 + 5/10*2. Let m = o - -19. Let j = 3 - -25. What is the highest common factor of m and j?
14
Suppose 38 = 2*j - 50. Let c be (-7470)/(-375) + -8 - 4/(-50). What is the highest common divisor of j and c?
4
Suppose -14*b = -13*b + 8. Let i be 1430 + (33/22 - (-12)/b). What is the highest common divisor of i and 10?
10
Suppose -3*f - 3*l = -l - 6, f - 3*l - 2 = 0. Suppose -f*i = 5*g + i + 16, -2*i = 4. Let m be 68 - (2 + g - -4). Calculate the highest common factor of m and 8.
8
Let v(f) = -f**2 + 159*f + 1616. Let p be v(-9). What is the highest common divisor of p and 28184?
104
Let u be (-116 - 8/4)/((-15)/(-75)). Let h = u + 622. Calculate the highest common factor of 32 and h.
32
Suppose 46*s - 880960 = -172*s + 5715938. Calculate the greatest common divisor of 231 and s.
231
Let r = -1371 + 1403. Calculate the highest common factor of r and 1520.
16
Let s = -6452 - -6467. Calculate the greatest common factor of s and 15165.
15
Suppose -h + 8*l = 6*l + 14, 4*h = l - 28. Let r be 2 + -4 + 21 + h. What is the greatest common divisor of 117 and r?
13
Suppose -174 = -3*b + 60. Let i be 10/50 + b/10 - -1. Let s be (-5 + 0)*(-6)/5. What is the greatest common divisor of i and s?
3
Let g = 3177 + -2574. What is the greatest common divisor of 469 and g?
67
Let z be (6 + -1)*(-16 + 17). Suppose -4*c + 5*w + 44 = 2*w, -2*w = z*c - 78. Calculate the greatest common factor of c and 406.
14
Suppose -g + 5*m - 7*m = 7, 3*g + 5*m + 16 = 0. Suppose -39 = -3*k - g*y, -5*y = 5*k - 9*y - 110. Calculate the greatest common factor of 102 and k.
6
Let g = -57 - -79. Let z(w) = -17*w - 8. Let b(d) = -d**3 - 22*d**2 - 5. Let v be b(-22). Let i be z(v). What is the greatest common divisor of i and g?
11
Let t be 18/30*(2 + 3). Suppose t = 5*x - 12. What is the highest common divisor of 111 and x?
3
Let d be 2841/(-6) + (-3)/2. Let w = d + 992. Suppose -38 = -5*n + 197. Calculate the highest common divisor of w and n.
47
Let d = 34 - -16. Suppose -17*z + 22*z - d = 0. Let b(l) = 16*l - 10. Let c be b(z). Calculate the greatest common factor of c and 60.
30
Suppose 3*j = 5*r - 16, 4*j = r - 4*r + 27. Suppose -j*n + 45 = -33. What is the highest common divisor of n and 91?
13
Suppose 0 = 20*l + 1926 - 2386. Calculate the highest common factor of 61 and l.
1
Let x(t) 